he highest common divisor of 18155895 and 30.
15
What is the highest common divisor of 179 and 1830096?
179
Calculate the greatest common factor of 3480 and 14651960.
1160
What is the highest common divisor of 26857 and 21079?
107
What is the greatest common divisor of 139349 and 83980?
17
What is the highest common divisor of 7 and 249945997?
7
What is the greatest common factor of 2709811 and 1534?
767
What is the greatest common factor of 420 and 10874520?
60
What is the greatest common divisor of 2776891 and 2951?
2951
Calculate the highest common factor of 3991969 and 116737.
1091
Calculate the highest common factor of 49608 and 2463228.
1908
Calculate the highest common factor of 609 and 51887409.
609
What is the highest common divisor of 524376 and 72?
72
What is the highest common divisor of 2156 and 45169278?
1078
What is the greatest common factor of 8303 and 46253?
23
What is the highest common factor of 22141164 and 122988?
3324
What is the highest common divisor of 12785882 and 17838?
1982
Calculate the greatest common divisor of 2349 and 12075223.
29
What is the highest common factor of 6778850 and 150?
50
What is the greatest common factor of 30 and 2519945325?
15
Calculate the greatest common factor of 823 and 2174151197.
823
What is the greatest common divisor of 150990 and 146596910?
7190
Calculate the highest common divisor of 2033880 and 26040.
120
Calculate the greatest common factor of 24761 and 5599.
11
What is the greatest common factor of 886880 and 253?
23
Calculate the highest common divisor of 81458 and 4049578.
338
What is the highest common factor of 10815 and 54355?
35
What is the highest common factor of 18 and 46787190?
6
Calculate the highest common divisor of 764 and 36453305.
191
Calculate the greatest common divisor of 4059 and 4229068.
41
What is the highest common divisor of 237562 and 1560?
26
Calculate the greatest common factor of 500 and 4500260.
20
Calculate the highest common factor of 526266 and 5995782.
3042
Calculate the highest common divisor of 3879 and 23758875.
3879
Calculate the greatest common divisor of 1306215 and 1035.
45
Calculate the highest common factor of 1790775 and 798.
21
Calculate the greatest common divisor of 282526 and 1466.
2
Calculate the highest common divisor of 572 and 1058618.
22
Calculate the greatest common factor of 134655709 and 36257.
2789
Calculate the highest common factor of 17985 and 668085.
165
What is the greatest common divisor of 7997 and 57528964?
727
Calculate the greatest common divisor of 140 and 153031445.
35
Calculate the highest common factor of 72 and 48011013.
9
Calculate the greatest common divisor of 71935006 and 2134.
2134
Calculate the greatest common divisor of 1853316 and 2700.
36
What is the greatest common divisor of 3208 and 20798266?
802
What is the greatest common factor of 772 and 424343696?
772
Calculate the greatest common factor of 91 and 860869191.
91
What is the greatest common divisor of 72094 and 3013597?
113
What is the highest common divisor of 215 and 2232885?
5
What is the greatest common divisor of 24290538 and 61644?
2802
Calculate the highest common factor of 130 and 10838165.
65
What is the highest common factor of 525 and 2761710?
105
Calculate the greatest common factor of 1161 and 1266006.
129
What is the highest common factor of 1659 and 904848?
21
What is the greatest common divisor of 561338014 and 1786?
1786
What is the highest common divisor of 189589 and 61006443?
8243
Calculate the greatest common divisor of 182328 and 168.
24
Calculate the highest common factor of 246 and 10252911.
123
Calculate the highest common divisor of 343632 and 1744.
16
What is the highest common factor of 123777584 and 784?
112
What is the greatest common divisor of 1238935 and 596?
149
Calculate the greatest common factor of 19465 and 45224981.
3893
What is the greatest common divisor of 96207132 and 12?
12
What is the greatest common factor of 2004 and 6517676?
668
What is the greatest common factor of 11261259 and 7497?
153
Calculate the greatest common divisor of 3420937 and 237.
79
Calculate the greatest common divisor of 638200790 and 370.
370
Calculate the highest common divisor of 137084858 and 278.
278
What is the highest common factor of 52788 and 32910456?
636
What is the highest common divisor of 7951840 and 18590?
130
What is the highest common divisor of 16000 and 445000?
1000
What is the highest common factor of 14040 and 79413480?
1080
Calculate the greatest common factor of 18972 and 8219568.
204
What is the greatest common factor of 50881 and 43873?
73
Calculate the highest common divisor of 410688 and 29698.
62
What is the greatest common divisor of 12004539 and 29631?
249
What is the highest common divisor of 129283025 and 50?
25
Calculate the greatest common factor of 14590 and 132167892.
2918
What is the greatest common factor of 18049750 and 6375?
2125
What is the highest common divisor of 15037 and 62623?
11
Calculate the highest common factor of 12808750 and 133125.
625
Calculate the highest common factor of 28638 and 975584.
86
Calculate the highest common factor of 12593555 and 619.
619
Calculate the highest common factor of 315543708 and 2214.
2214
Calculate the highest common factor of 50982 and 16617.
87
What is the greatest common divisor of 996 and 424698?
6
Calculate the greatest common divisor of 7260 and 6329125.
55
Calculate the highest common divisor of 455292012 and 210.
42
What is the greatest common factor of 153156080 and 21?
7
What is the greatest common factor of 10672 and 1883144?
232
Calculate the highest common factor of 2827395 and 405.
45
Calculate the highest common factor of 69132 and 18564.
84
Calculate the greatest common divisor of 374576 and 410.
82
What is the greatest common divisor of 2226 and 11086222?
742
Calculate the highest common divisor of 2670 and 1752930.
30
What is the highest common divisor of 1678147 and 417?
139
Calculate the highest common divisor of 858 and 2201694.
66
Calculate the highest common divisor of 300093 and 43818.
201
What is the highest common factor of 8961 and 2387643?
309
Calculate the highest common divisor of 3366800904 and 17.
17
What is the highest common factor of 211567500 and 30?
30
What is the highest common factor of 21 and 12590739?
21
What is the greatest common factor of 163016945 and 91?
91
Calculate the greatest common factor of 513 and 351272.
19
Calculate the greatest common factor of 153290910 and 90.
30
Calculate the highest common factor of 7336715 and 44500.
445
What is the highest common divisor of 712127130 and 22374?
7458
Calculate the highest common factor of 64641925 and 771.
257
What is the greatest common factor of 217266228 and 558?
558
Calculate the greatest common factor of 66931945 and 775.
155
Calculate the greatest common divisor of 538434 and 3537378.
702
What is the greatest common divisor of 501584 and 9628?
116
Calculate the highest common factor of 3936 and 1092768.
96
Calculate the greatest common factor of 300 and 24594500.
100
Calculate the highest common factor of 115505241 and 10373.
943
Calculate the greatest common factor of 444591 and 10080.
63
Calculate the highest common factor of 7096 and 502080141.
887
Calculate the greatest common factor of 392 and 1534120.
56
Calculate the greatest common factor of 2387 and 81543609.
217
Calculate the greatest common divisor of 700 and 756680.
20
Calculate the highest common divisor of 6 and 100022283.
3
Calculate the highest common divisor of 3630 and 168561470.
1210
What is the greatest common factor of 2247 and 332857?
7
Calculate the highest common divisor of 156310 and 3330215.
1015
Calculate the highest common divisor of 72051 and 10931823.
1533
What is the highest common factor of 904 and 20388?
4
Calculate the highest common factor of 9438 and 570024.
78
What is the highest common factor of 460990 and 11410?
10
What is the greatest common divisor of 75459 and 93?
3
What is the greatest common divisor of 128709 and 559101?
681
What is the highest common divisor of 2637568 and 768?
256
What is the highest common divisor of 28417455 and 2295?
765
What is the greatest common factor of 1427592 and 4488?
408
What is the highest common divisor of 6065912 and 